uppose j + 2*v = 34, -2*j - v = -29 - 48. Suppose 3*s + s - j = 0. List the prime factors of s.
2, 5
Suppose 0 = -5*i + 3*t + 949, -3*i - 4*t + 2*t = -577. What are the prime factors of i?
191
Let o be (-1)/((-124)/40 - -3). Let d be (0/(-1*2))/(-1). Suppose -5*k + 5*b = -o, k - 4*k - 2*b + 16 = d. List the prime factors of k.
2
Let s = -1 + 2. Suppose -z = -s - 18. List the prime factors of z.
19
Let i = -263 + 161. List the prime factors of 1/((-2)/i*3).
17
List the prime factors of ((-48)/(-9))/2*15.
2, 5
Suppose -z + 5 + 3 = 0. Let n = z + 7. List the prime factors of n.
3, 5
Let i be 1*(1 - (11 - 0)). Let w = i + 21. What are the prime factors of w?
11
List the prime factors of 1*3 - ((-3 - 2) + -120).
2
Suppose -6*x + 76 = -2*x. List the prime factors of x.
19
Let q be (-3 - (-8 + 1)) + -1. Suppose -46 = -q*c + s, 5*s + 15 = 3*c - 11. List the prime factors of c.
17
Let w be ((-44)/3)/(8/(-12)). Let c = 0 + w. List the prime factors of c.
2, 11
Let s(f) = f**2 - 11*f - 10. What are the prime factors of s(23)?
2, 7, 19
Suppose 10*u - 3*u - 231 = 0. What are the prime factors of u?
3, 11
Let y(m) = 1. Let j(t) = -t + 1. Let x be 1/1*(-2)/(-2). Let o(p) = x*j(p) + 2*y(p). List the prime factors of o(-4).
7
Suppose 47 - 572 = -5*v. What are the prime factors of v?
3, 5, 7
Let b(v) be the second derivative of -v**5/20 + v**4/2 - 5*v**3/6 + 3*v**2 - 5*v. What are the prime factors of b(4)?
2, 3
Suppose -279 = -5*w - 4*c + 131, -3*w - 2*c + 244 = 0. What are the prime factors of w?
2, 3, 13
Let r(l) = -2 + 12*l - 2*l + 7*l + 1. List the prime factors of r(1).
2
What are the prime factors of 7/(196/8) + (-40)/(-7)?
2, 3
Suppose 0 - 15 = -5*x. Let b be 1 + (-1)/x*-3. Suppose -2*s + b + 6 = -2*m, -4*s + 24 = 4*m. List the prime factors of s.
5
Let u(b) = -33*b**2 - 1. Let r be u(-3). Let s be 6/21 + r/14. Let q = -15 - s. What are the prime factors of q?
2, 3
Let t be -2 - (1 + -2 - 0). Let i = t - -6. Suppose -5*g - 40 = -5*f, 24 = i*f - 0*f - g. List the prime factors of f.
2
What are the prime factors of 8*((-105)/12)/(-7)?
2, 5
Suppose 13 + 15 = 5*f + 2*j, 5*f - 40 = -5*j. Suppose -5 = 4*a + 3. What are the prime factors of (18/f)/((-1)/a)?
3
Let w(c) = -c**2 + 8*c - 4. Let d be w(7). List the prime factors of (d - -3)/((-6)/(-8)).
2
Suppose 9 = -x + 4*x. Suppose 0 = -x*s + 2*s - 4*l + 20, -2*s - 12 = -5*l. List the prime factors of 3/6*s + 6.
2
Let l = 2 - 0. Suppose -m = -4, 22 = y + 2*y + 4*m. Suppose 0 = 2*c - y, l*c - 32 = -3*s. List the prime factors of s.
2, 5
Suppose 1 = -u + 3. Suppose h - u = 5*h - 3*b, 3*h - 4*b - 2 = 0. What are the prime factors of 2/h - (-6 - 0)?
5
List the prime factors of 3340/8*(-8)/(-10).
2, 167
Let i(u) = -53*u + 3. What are the prime factors of i(-2)?
109
Suppose -3*z + 409 = 2*p, -3*p - 2*z + 1017 = 2*p. List the prime factors of p.
7, 29
Let o(i) = 11*i + 9. Let t(a) = -5*a - 4. Let x(m) = -2*o(m) - 5*t(m). What are the prime factors of x(5)?
17
Let h(v) be the second derivative of v**4/12 + 5*v**3/6 - v**2 + 3*v. Let t be h(-5). What are the prime factors of (-138)/(-12) - t/4?
2, 3
Let s(w) = 2*w**2 + 20*w + 9. Let y(o) = 10*o + 6 - o**2 - 1 + 2*o**2. Let t(j) = 4*s(j) - 9*y(j). List the prime factors of t(-7).
2, 3
Let c(o) = -67*o + 1. List the prime factors of c(-1).
2, 17
Let i be -1*(-3)/9*3. Let d(y) = 4*y. Let g be d(i). List the prime factors of (-6)/g*(-12)/6.
3
Let t = -10 + 91. Suppose 9 + t = 5*k. List the prime factors of k.
2, 3
Let c(q) = 2*q**2 + 11*q - 12. Let o(t) = -t**2. Let y(a) = c(a) + 3*o(a). List the prime factors of y(8).
2, 3
Let z(b) = -2*b**3 + 1 + 2*b**3 + 4 - 5*b - b**3 - 6*b**2. List the prime factors of z(-5).
5
Let s = -26 + 40. What are the prime factors of s?
2, 7
Suppose -5*i = 0, 0 = n - 0*i - 4*i. Suppose 4 = -t, -3*o - 3*t - 3 + n = 0. What are the prime factors of o?
3
Let m(a) = a**2 + 7*a - 2. What are the prime factors of m(6)?
2, 19
Suppose 0 = -5*g + 4*g + 30. Suppose -g - 29 = -i. What are the prime factors of i?
59
Suppose -4*u + 2 + 10 = 0. Suppose 4 = c + u*s, -2*s + 0*s = c - 9. List the prime factors of c.
19
Let l(o) be the third derivative of -o**4/24 - 2*o**3/3 + o**2. Let r be 7/28 - ((-250)/(-8))/5. List the prime factors of l(r).
2
Let b = 36 - -30. Suppose 2*u = -u + b. What are the prime factors of u?
2, 11
Let r(d) = d - 4. Let x(z) = -z + 4. Let m be x(-3). What are the prime factors of r(m)?
3
Let b(x) = -x**3 - 2*x**2 + x + 2. Let r be (-1 + -3)*(7 + -6). What are the prime factors of b(r)?
2, 3, 5
Suppose 0*b = 2*b + 2. Let a be 3 + -4 - 1*b. Let y = a + 10. What are the prime factors of y?
2, 5
Let l(f) be the second derivative of f**4/6 + 7*f**3/6 + f**2 + 2*f. What are the prime factors of l(-5)?
17
Suppose 0*v = v + x - 1, 3*v = -5*x - 5. Let g be (-2)/3 - 6/(-9). Suppose g*t - 4*t - 9 = u, 6 = -3*u - v*t. What are the prime factors of u?
3
Suppose 19 = -a + 4*h, 0 = 7*a - 2*a - 5*h + 20. Suppose 0 = -j + a. Suppose -m - i = -6 + j, 2*m - 2*i - 30 = 0. What are the prime factors of m?
2, 5
Suppose 2*u - 4*u = -5*d - 55, -2*d - 4*u = -2. List the prime factors of 3/d + 38/6.
2, 3
Let l = -13 - -24. Let n = l + -7. Let v = n + -2. List the prime factors of v.
2
Let h(b) = b**3 - 9*b**2 + 8*b + 6. Let u be h(8). Let o(q) = 1 + q**2 + 0*q**3 - u*q**3 + q + 0*q. What are the prime factors of o(-1)?
7
Let r = -3 - -9. Let v = 16 + -5. Let a = v - r. What are the prime factors of a?
5
Let j(w) = -2*w + 10. What are the prime factors of j(-14)?
2, 19
Suppose 5*c - c - n = 84, -5*c + n = -105. Let s = c + -10. What are the prime factors of s?
11
Let s be 24/(-84) - (-506)/7. Suppose i + 180 = 4*i. Suppose -5*z + i = 5*v, s = 4*z + z - v. List the prime factors of z.
2, 7
Let n(i) = -4*i**2 + 0*i**2 + 4*i**2 + 3*i**2 - 3*i. List the prime factors of n(-3).
2, 3
Suppose -2*c + 6 = -0*r - 2*r, -3*c + 5*r = -9. Let z = 24 - 2. Suppose 0 = -w + c*w - z. What are the prime factors of w?
11
Suppose n = -0*n, 35 = 5*v - 3*n. What are the prime factors of (-14)/(-49) - (-187)/v?
3
Suppose 4*w = -y + 68, y + 60 = 2*y + 2*w. What are the prime factors of y?
2, 13
Let l(p) = -p + 43. What are the prime factors of l(0)?
43
Suppose 3 = -g - 6. List the prime factors of (-6)/g - (-61)/3.
3, 7
Suppose 3*g - 15 = j, 0 = j - 3*g + g + 10. Suppose 3*n - n - 10 = j. What are the prime factors of n?
5
Let y = 22 - 1. Let x = y + 27. List the prime factors of x.
2, 3
Let a = 9 - 6. Let i = 33 - 23. Suppose a*v + i = 8*v. List the prime factors of v.
2
Let b = 167 + -19. List the prime factors of b.
2, 37
Let h = 63 + -18. Let x = h + -26. List the prime factors of x.
19
Suppose 0 = 2*p - 3*h - 105, 2*p - 5*h - 260 = -3*p. What are the prime factors of p?
3, 17
Let i = 234 - 159. What are the prime factors of i?
3, 5
Let x = -12 - -5. Let m = 13 + x. What are the prime factors of m?
2, 3
Suppose 3*s - 21 = -0*n - 2*n, -30 = -5*n - 3*s. Let l(a) = -2*a**2 + 0 - a - 1 + 2*a**3 - 2*a**2. List the prime factors of l(n).
2, 7
Let r(z) = 52*z**2 + z - 1. List the prime factors of r(1).
2, 13
Let l = -10 - -6. Let c = l + 9. Suppose 3*p = 2*p + c. List the prime factors of p.
5
Let y be (-480)/(-12)*(0 + 1). Suppose -4*u + y = 2*v, -3*u + 25 + 6 = v. What are the prime factors of u?
11
Let i(z) = 3*z**3 - z + 1. Let v be i(1). Let c(q) = 0*q**2 - 2 - 7*q - 4*q**2 + v*q**2. What are the prime factors of c(-5)?
2
Let d(p) = p + p + p**2 + 4*p + 0 + 8. List the prime factors of d(-7).
3, 5
Suppose a + 12 = -20. Let m = a + 46. What are the prime factors of m?
2, 7
List the prime factors of 1/(-2 - 420/(-208)).
2, 13
Let l be 3*-2*(2 + -3). Suppose -70 = -l*w + w. Suppose -3*y + y + w = 0. List the prime factors of y.
7
Suppose -2*l = -3*l - 5. Let t(z) = z**2 + 2*z - 2. What are the prime factors of t(l)?
13
Let w(o) = 11*o**2 - 4*o + 2*o - 2 - 4*o**2. Let d be w(-3). Suppose 4*p - d = 5. What are the prime factors of p?
2, 3
Suppose 2*t + 2*w + 2*w = 12, 2*w + 10 = 3*t. Suppose -m = -2 - t. Suppose 11*j = m*j + 25. What are the prime factors of j?
5
Let k(f) = -f**2 - 6*f - 4. Let y be k(-6). Let g(b) = -b**3 - b**2 - 6. What are the prime factors of g(y)?
2, 3, 7
Let t be 2/(-7) - (-90)/21. Suppose 0 = t*m - 1 - 7. Suppose -l - m*d = -12, 4 + 0 = -l + 2*d. List the prim